 f(5).
-7
Suppose 1 = -3*h - 8. Let y(q) = -2*q - 256 + 260 + 0*q. Determine y(h).
10
Let i(q) = -q**2 - 5*q - 5. Let x(v) be the first derivative of -v**3/3 - 7*v**2/2 + 12*v + 5. Let z be x(-9). What is i(z)?
-11
Let q be 2/(-17) + 605/85. Let t(h) = h**3 - 6*h**2 - 7*h + 4. Calculate t(q).
4
Let c(n) = 2*n**2 - 25*n + 25. Let b be c(11). Let t(x) = -x**2 - 8*x. Give t(b).
0
Let b(j) = j**2 + 16*j + 16. Let c(p) = -p**2 - 11*p - 11. Suppose -3*l = 22 - 1. Let f(a) = l*c(a) - 5*b(a). Determine f(3).
6
Let n be (-1*7)/((-3)/(-3)). Let r(s) be the second derivative of -s**3/6 - 5*s**2 - s. Let g be r(n). Let h(y) = -4*y - 4. Determine h(g).
8
Let w be (1/(-2))/((-1)/4). Suppose -3*y + 15 = 4*p - p, 10 = -4*p + w*y. Let d(j) be the first derivative of -j**4/4 + j**3/3 + j**2/2 - 3*j + 1. Give d(p).
-3
Let r(y) = -4*y. Let w(u) = -21*u - 1. Let a(n) = 11*r(n) - 2*w(n). Let k be (2*(-1 - 0))/(-1). Let l be -6 + k + 2 + 0. Determine a(l).
6
Let u(f) be the third derivative of f**6/120 + 3*f**5/20 + 3*f**4/8 + 3*f**3/2 - 2*f**2. Let p be u(-8). Let n(b) = -p + 4*b - b**2 + 1 + 4. Determine n(4).
4
Let u be -1*(5 - 2 - 3). Let j = 3 - u. Suppose 0 = 4*k - 7 + j. Let z(x) = -2*x**2 - 1. Give z(k).
-3
Let t = 18 + -15. Let a(z) = -2*z**2 - 4*z + 2. Calculate a(t).
-28
Let k(t) = t - 7. Let i = 1 - -4. Calculate k(i).
-2
Let f(t) = -t**2 - 5*t + 1. Let z(d) = -d**2 - 6*d + 1. Let h(o) = -4*f(o) + 5*z(o). Determine h(-10).
1
Let u(j) = 0*j - j + 2*j + 0*j. Determine u(2).
2
Suppose -a + 0*a = -v - 8, -a = v. Let h = -2 + a. Let d(b) = -b**h - 6*b - 1 + 5*b + 4. Calculate d(0).
3
Let z(y) = -4*y - 4. Let a(f) = -9*f - 7. Let q(c) = 2*a(c) - 5*z(c). Calculate q(-5).
-4
Suppose n + 0*n - 1 = 0. Let m = n - 6. Let h(o) = o - 1. Give h(m).
-6
Let m(w) be the second derivative of w**3/6 - 4*w**2 + 3*w + 2. Calculate m(6).
-2
Let h = 131 - 134. Let j(m) = -m**3 - 3*m**2 + 2*m + 4. Determine j(h).
-2
Let o(s) = -4*s - 1 - 2 + s**3 + 0*s**3 + 2*s**2. Suppose -2*v = 5*t - 2*t - 24, -8 = -t + 3*v. Let k(p) = -p + 5. Let r be k(t). Give o(r).
0
Let l(t) = -7*t + 1. Let i(m) = -m**2 - 9*m + 3. Let w be i(-9). Suppose -4*z + 1 = -w*z. What is l(z)?
-6
Suppose z - 84 = -3*z. Suppose -z = -2*p + 13. Suppose x + 6 = -2*b + b, 3*b - 4*x = p. Let l(a) = 6*a + 1. Calculate l(b).
-5
Suppose -3*a - 2*k = 3*k - 29, 3*a - 3*k + 3 = 0. Let t(w) be the first derivative of -2/3*w**a - 1/2*w**2 + w + 2. What is t(1)?
-2
Let s(j) = -j**2 + 4*j - 10. Let p(t) = 5*t - 12. Let i(f) = 6*p(f) - 7*s(f). Determine i(-2).
22
Let l(f) be the first derivative of -4*f**2 - 2*f**2 + 4 + 3*f**2 + 2*f**2. Calculate l(-4).
8
Let b(p) be the first derivative of -3*p**2/2 - p + 5. Determine b(4).
-13
Let z(p) = 13*p**3 - 6*p**2 + 8*p - 5. Let b(m) = m**3 - m**2 + m - 1. Let o(y) = -6*b(y) + z(y). Let x(r) = r. Let w be x(-1). Give o(w).
-8
Let o(v) = -2*v**3 + 2*v**3 - v - 4 + v**3 + 3*v**2. Let w = 6 + -9. What is o(w)?
-1
Suppose -2*y = -4*y. Suppose y = i - 6*i. Let t(j) = 3*j - 5*j + i*j - 1 + 0*j - 5*j**3. Give t(-1).
6
Let b = -1 - -1. Let n(v) = 5*v**3 + 5*v**2 + 7*v - 1. Let k(d) = 9*d**3 + 9*d**2 + 13*d - 3. Let u(p) = 6*k(p) - 11*n(p). What is u(b)?
-7
Let h(y) = y**3 + 9*y**2 - y - 13. Suppose 3*s = 71 - 17. Suppose -j = 0, 2*l - 3*j + s = -8*j. Let u be h(l). Let x(g) = g**2 + 3*g + 1. What is x(u)?
5
Let a(o) be the first derivative of -2*o**3/3 + o**2/2 + o + 102. Suppose 0 = s + 4*s. Let p(q) = -q - 2. Let g be p(s). Determine a(g).
-9
Let p(t) = 3*t - 4*t + 3*t + t**2 - 2 + 2*t. Give p(-5).
3
Let o(r) = r. Let u = 21 + -15. What is o(u)?
6
Let d(i) = -7*i**2 - 1. Let r(v) = v**2 + v. Let j(n) = -d(n) - 3*r(n). What is j(2)?
11
Let i(w) be the second derivative of -w**5/20 + 7*w**4/12 - 5*w**3/6 - 7*w**2/2 + 69*w. Give i(6).
-1
Suppose 35 = 13*b - 8*b. Let d(v) = -v + 8. Calculate d(b).
1
Let k(h) = 10*h**2 - h + 4. Let z(l) = -1. Let u(w) = -1. Let a(j) = -3*u(j) + 2*z(j). Let y(g) = -3*a(g) + k(g). Let s be ((-3)/(3 + 0))/(-1). Give y(s).
10
Let u(q) = q**3 - 6*q**2 - 7*q - 1. Suppose 3*r + 0*r - 6 = 0, -2*i + 2*r = -10. Determine u(i).
-1
Let b(u) = -3 - 5*u + 16*u - 3*u - 13*u. Calculate b(-5).
22
Suppose r + 1 - 5 = 0. Let o(p) be the third derivative of p**2 - 1/3*p**3 + 0 + 0*p + 1/12*p**4. Calculate o(r).
6
Let l(y) = y - 1. Let f(q) = 4*q - 13. Let r(w) = f(w) - 5*l(w). Let o = -11 + 16. Suppose -20 = 5*s + o. Calculate r(s).
-3
Suppose 5*r + 6 = -14. Let y(c) = c - 2. Give y(r).
-6
Let m(b) be the second derivative of -b**6/80 + b**5/120 - b**4/6 - 5*b. Let n(r) be the third derivative of m(r). What is n(1)?
-8
Let v(f) = -10 + 7 - 2*f - 4. What is v(-7)?
7
Let b = -2 - -11. Let h = b - 11. Let r(o) = -2 + 0 + o - 2*o. What is r(h)?
0
Let j(m) = m. Let n(x) = x**3 + 6*x**2 + 11*x - 1. Let r(y) = -6*j(y) + n(y). Suppose 0*p - 3 = -p. Let i = p + -8. Calculate r(i).
-1
Let u(k) be the third derivative of k**5/60 - k**3/3 + k**2. Let o(l) be the first derivative of u(l). Determine o(3).
6
Let i(z) = 6 - z - z**3 + 4*z + 4*z + 0 - 5*z**2. Let k(p) = -p**3 - p**2 + p + 20. Let m be k(0). Suppose m = -4*j - 4. Determine i(j).
0
Suppose 0 = -4*a - 9 - 3. Let k be 6/(a - (-2)/2). Let g(h) = -h**3 - 3*h**2 + 3*h + 1. Give g(k).
-8
Suppose 0 = u - 4, p + 7*u - 3*u - 20 = 0. Suppose 0 = r + 3*x + 1, -p*x + 4 = 2*r + 2*r. Let w(d) = -2*d**2 - d + 2. Determine w(r).
-8
Let v(i) be the third derivative of -i**5/60 + i**4/4 - 2*i**3/3 - 6*i**2. Let w be v(4). Let l(d) = 3*d - 6. What is l(w)?
6
Let z(g) = -4. Let t(f) = -7. Let b(n) = 3*t(n) - 5*z(n). Let l(v) = v - 2. Suppose -2*d + 2 = -4*d. Let j(h) = d*l(h) + 2*b(h). Determine j(1).
-1
Suppose 0 = x + 2*x - 15. Let g = 7 - x. Let o(q) = q**3 - 2*q**2 + 3*q. Determine o(g).
6
Let q(r) = 4*r + 1. Let i(k) = -k**2 + 4*k - 4. Let t be i(3). Give q(t).
-3
Let k(p) = -p**2 - 7*p - 4. Let r = -211 - -208. What is k(r)?
8
Let w(i) = i**2 + 4*i + 4. Suppose 3 = k + 4. Let n be k/(-4) + (-18)/8. Let j be (3 - 5) + n*1. What is w(j)?
4
Let r = -10 - -9. Let y be r*-1*(5 - -1). Let l(d) = y + 2*d**2 + 4*d**2 - 8*d + d**3 - 2*d**3. Calculate l(5).
-9
Let k(x) = x**3 + 4*x**2 - 5*x + 3. Suppose -2*o + 0*o = 24. Let y(r) = -r**3 - 13*r**2 - 11*r + 7. Let n be y(o). Give k(n).
3
Let k be (2/(-6))/(-1)*(28 + -1). Let s(w) = -w**2 + 7*w + 9. What is s(k)?
-9
Let u(g) = 121*g + 129*g - 240*g. What is u(1)?
10
Let h(u) be the first derivative of 3*u**4/2 - 2*u**3/3 - u**2/2 - 1. Suppose -4 = p - 3. Give h(p).
-7
Let v(i) = -i**2 - 3*i - 3. Let r be (2/4)/(8/(-32)). Give v(r).
-1
Let r(q) = -4*q - 1. Let v(j) = -j. Let i(c) = 4*r(c) - 22*v(c). Determine i(3).
14
Let w(i) = 2080 - 2080 - i. Let l = -5 + 7. What is w(l)?
-2
Let f(l) = l - 2. Suppose 22*h - 6 = 25*h. Calculate f(h).
-4
Let d(m) = -20*m**2 - 11*m - 13. Let k(y) = -10*y**2 - 6*y - 7. Let r(s) = 6*d(s) - 11*k(s). Determine r(1).
-11
Let q(y) = -y**2 - y - 5. Suppose -3 - 2 = -2*d + k, -11 = -5*d + k. Suppose 4*g - l = -26, -5*g + 4*l - 34 = d*l. Let u be g/(-4) - 6/4. Determine q(u).
-5
Let l(t) = 5 + 4*t**2 + 11*t**3 - 2*t - 5*t**3 - 5*t**3. Determine l(-5).
-10
Suppose p - 2 = -0*p. Suppose 9 = j - p. Let g = j + -6. Let y(o) = o**2 - 4*o - 2. What is y(g)?
3
Let b(r) = r**3 + 3*r**2 + 3*r - 3. Let d(p) = 2*p**3 + 7*p**2 + 7*p - 7. Let s(l) = -7*b(l) + 3*d(l). Let q be s(-1). Let t(o) = -6*o**2. Give t(q).
-6
Let x be 20/9 + (-12)/54. Suppose 5*p - 11 = x*f, -6*f + 5*p = -3*f + 9. Let h(y) = -3*y**f - 3*y + 4*y**2 + 2*y. Determine h(1).
0
Let r = 2 + 0. Let x(k) = 1 + r - k - 4. Let l(m) = -m + 3. Let g be l(5). Determine x(g).
1
Suppose -5*f + 74 = -1. Suppose -5*a + f = -0*a. Let t(z) = z**3 - z**2 - 4*z. Calculate t(a).
6
Let r(w) be the first derivative of 3*w**2/2 - 2*w + 9. Determine r(4).
10
Let f(d) = d**3 + 4*d**2 - 3*d + 4. Let u(k) = -k**3 + 7*k**2 + 6. Let w be u(7). Let p = -1 + w. Suppose 0 = 2*c + 3*m + 16, 8 = p*c + m + 35. Calculate f(c).
-6
Let r(c) = c**2 - 6*c - 9. Let n be r(8). Suppose -37 = -4*q - 5*p, n - 2 = 5*q - 2*p. Let o(l) = l**2 - l - 5*l + 6 + l**3 - q*l**2 - 3. Give o(4).
11
Let d(q) = -2*q**2 - q + 2. Suppose -7 - 18 = 5*f. Let r(u) = -u**3 + 5*u**2 + 2*u - 5. Let x(i) = f*d(i) - 2*r(i). Let v be (-1)/3 - 4/6. Give x(v).
-3
Suppose 3*w + 2*w = 2*a + 4, 4*